{"id":19,"date":"2018-09-28T17:26:28","date_gmt":"2018-09-28T16:26:28","guid":{"rendered":"https:\/\/lecoindurocher.com\/reservation\/?page_id=19"},"modified":"2025-09-03T08:51:40","modified_gmt":"2025-09-03T07:51:40","slug":"reservez-votre-tableold","status":"publish","type":"page","link":"https:\/\/lecoindurocher.com\/reservation\/fr\/reservez-votre-tableold\/","title":{"rendered":"R\u00e9servez votre table"},"content":{"rendered":"\n<div align=center style=\"line-height:2;\">En priorit\u00e9, <strong>entre 8h00 \u00e0 15h00<\/strong><br \/>\nT\u00c9L\u00c9PHONEZ-NOUS EN DIRECT POUR R\u00c9SERVER :<\/div>\n<div align=center><a href=\"tel:0143875896\" style=\"font-size:24pt; color:red;\"><b>01 43 87 58 96<\/b><\/a>\n<br>ou bien<\/div>\n\n\n\n<div class=\"qrr-booking-form\">\n    <form method=\"POST\" action=\"\" v-if=\"!submitted\" @submit.prevent=\"onSubmit\" @keydown=\"clearError($event.target.name)\">\n\n        <fieldset><legend>R\u00e9servez une table<\/legend>                    <div class=\"qrr-text qrr-date\" :class=\"errorClass('qrr-date')\">\n                        <label for=\"qrr-date\"><i class=\"fa fa-calendar\"><\/i>Date<\/label>\n                        <input type=\"hidden\" name=\"label_qrr-date\" value=\"Date\">\n                        <vue-pickadate id=\"qrr-date\" name=\"qrr-date\" v-model=\"booking.date\" :options=\"app_qrr.form\"><\/vue-pickadate>\n                        <div class=\"description\"><\/div>\n                    <\/div>\n                                    <div class=\"qrr-text qrr-party\" :class=\"errorClass('qrr-party')\">\n                        <label for=\"qrr-party\"><i class=\"fa fa-users\"><\/i>Nombre de personnes<\/label>\n                        <input type=\"hidden\" name=\"label_qrr-party\" value=\"Nombre de personnes\">\n                        <select v-if=\"step >= 1\" type=\"text\" name=\"qrr-party\" id=\"qrr-party\" value=\"\" required=\"\" aria-required=\"true\" v-model=\"booking.party\">\n                            <option value=\"1\">1<\/option><option value=\"2\">2<\/option><option value=\"3\">3<\/option><option value=\"4\">4<\/option><option value=\"5\">5<\/option><option value=\"6\">6<\/option><option value=\"7\">7<\/option><option value=\"8\">8<\/option><option value=\"9\">9<\/option><option value=\"10\">10<\/option>                        <\/select>\n                        <div v-if=\"!(step >= 1)\">-<\/div>\n                        <div v-if=\"step >= 1\" class=\"description\">Nombre de personnes<\/div>\n                    <\/div>\n                                    <div class=\"qrr-text qrr-time\" :class=\"errorClass('qrr-time')\">\n                        <label for=\"qrr-time\"><i class=\"fa fa-clock-o\"><\/i>Heure d&#039;arriv\u00e9e<\/label>\n                        <input type=\"hidden\" name=\"label_qrr-time\" value=\"Heure d&#039;arriv\u00e9e\">\n                        <div v-if=\"step >= 2\">\n                            <span v-if=\"loading_hours\"><img decoding=\"async\" class=\"spinner\" src=\"https:\/\/lecoindurocher.com\/reservation\/wp-content\/plugins\/quick-restaurant-reservations\/assets\/img\/spinner_2.gif\"><\/span>\n                            <span v-if=\"!loading_hours\">\n                                <span v-if=\"hours_is_available\">\n                                    <select name=\"qrr-time\" id=\"qrr-time\" required=\"\" aria-required=\"true\" v-model=\"booking.hour\">\n\n                                        <optgroup v-for=\"group in hours_available\" :label=\"group.label\">\n                                            <option v-for=\"option in group.list\" :value=\"option.value\">{{option.name}}<\/option>\n                                        <\/optgroup>\n\n                                    <\/select>\n                                <\/span>\n                                <span v-if=\"!hours_is_available\">\n                                    <div v-html=\"hours_message\"><\/div>\n                                <\/span>\n                            <\/span>\n                        <\/div>\n                        <div v-if=\"!(step >= 2)\">-<\/div>\n                        <div v-if=\"step >= 2\" class=\"description\"><\/div>\n                    <\/div>\n                <\/fieldset><fieldset v-if=\"step >= 3 && !loading_hours\"><legend>Contact<\/legend>                    <div class=\"qrr-text name\" :class=\"errorClass('qrr-name')\">\n                        <label for=\"qrr-name\">Nom *<\/label>\n                        <input type=\"hidden\" name=\"label_qrr-name\" value=\"Nom\">\n                        <input type=\"text\" name=\"qrr-name\" id=\"qrr-name\" value=\"\" required=\"\" aria-required=\"true\" v-model=\"booking.name\">\n                        <div class=\"qrr-error-valid\" v-if=\"has('qrr-name')\"><span v-text=\"validation['qrr-name']\"><\/span><\/div>\n                        <div class=\"description\"><\/div>\n                    <\/div>\n                                    <div class=\"qrr-text email\" :class=\"errorClass('qrr-email')\">\n                        <label for=\"qrr-email\">Email *<\/label>\n                        <input type=\"hidden\" name=\"label_qrr-email\" value=\"Email\">\n                        <input type=\"email\" name=\"qrr-email\" id=\"qrr-email\" value=\"\" required=\"\" aria-required=\"true\" v-model=\"booking.email\">\n                        <div class=\"qrr-error-valid\" v-if=\"has('qrr-email')\"><span v-text=\"validation['qrr-email']\"><\/span><\/div>\n                        <div class=\"description\"><\/div>\n                    <\/div>\n                                    <div class=\"qrr-text phone\" :class=\"errorClass('qrr-phone')\">\n                                <label for=\"qrr-phone\">T\u00e9l\u00e9phone<\/label>\n        <input type=\"hidden\" name=\"label_qrr-phone\" value=\"T\u00e9l\u00e9phone\">\n        <input type=\"hidden\" name=\"type_qrr-phone\" value=\"phone\">\n                                <input type=\"text\" name=\"qrr-phone\" id=\"qrr-phone\" value=\"\" >\n                                <div class=\"qrr-error-valid\" v-if=\"has('qrr-phone')\"><span v-text=\"validation['qrr-phone']\"><\/span><\/div>\n        <div class=\"description\"><\/div>\n                            <\/div>\n                                    <div class=\"qrr-text textarea\" :class=\"errorClass('qrr-message')\">\n                                <label for=\"qrr-message\">Message<\/label>\n        <input type=\"hidden\" name=\"label_qrr-message\" value=\"Message\">\n        <input type=\"hidden\" name=\"type_qrr-message\" value=\"textarea\">\n                                <textarea name=\"qrr-message\" id=\"qrr-message\" ><\/textarea>\n                                <div class=\"qrr-error-valid\" v-if=\"has('qrr-message')\"><span v-text=\"validation['qrr-message']\"><\/span><\/div>\n        <div class=\"description\"><\/div>\n                            <\/div>\n                <\/fieldset>\n        <div v-if=\"step >= 3 && !loading_hours\" class=\"qrr-submit\">\n            <div v-if=\"!submitting\">\n                <button type=\"submit\">Demande de r\u00e9servation<\/button>\n            <\/div>\n            <div v-if=\"submitting\">\n                <img decoding=\"async\" class=\"spinner\" src=\"https:\/\/lecoindurocher.com\/reservation\/wp-content\/plugins\/quick-restaurant-reservations\/assets\/img\/spinner_2.gif\">\n                Envoi de la demande            <\/div>\n        <\/div>\n\n        \n    <\/form>\n\n    <div class=\"form-submitted\" v-if=\"submitted\" v-html=\"submitted_success_msg\"><\/div>\n\n    <div class=\"form-error\" v-html=\"submitted_error_msg\"><\/div>\n\n<\/div>\n\n\n<template id=\"vue-pickadate\">\n    <input type=\"text\" v-model=\"date.text\" :id=\"id\" :name=\"name\" required=\"\" aria-required=\"true\">\n<\/template>\n\n\n<template id=\"vue-select\">\n    <select :id=\"id\" :name=\"name\" class=\"\" v-model=\"selected\">\n        <option v-for=\"item in list\" :value=\"item.value\">{{item.name}}<\/option>\n    <\/select>\n<\/template>\n\n\n\n","protected":false},"excerpt":{"rendered":"<p>En priorit\u00e9, entre 8h00 \u00e0 15h00 T\u00c9L\u00c9PHONEZ-NOUS EN DIRECT POUR R\u00c9SERVER : 01 43 87 58 96 ou bien<\/p>\n","protected":false},"author":1,"featured_media":0,"parent":0,"menu_order":0,"comment_status":"closed","ping_status":"closed","template":"","meta":{"footnotes":""},"class_list":["post-19","page","type-page","status-publish","hentry"],"_links":{"self":[{"href":"https:\/\/lecoindurocher.com\/reservation\/wp-json\/wp\/v2\/pages\/19","targetHints":{"allow":["GET"]}}],"collection":[{"href":"https:\/\/lecoindurocher.com\/reservation\/wp-json\/wp\/v2\/pages"}],"about":[{"href":"https:\/\/lecoindurocher.com\/reservation\/wp-json\/wp\/v2\/types\/page"}],"author":[{"embeddable":true,"href":"https:\/\/lecoindurocher.com\/reservation\/wp-json\/wp\/v2\/users\/1"}],"replies":[{"embeddable":true,"href":"https:\/\/lecoindurocher.com\/reservation\/wp-json\/wp\/v2\/comments?post=19"}],"version-history":[{"count":51,"href":"https:\/\/lecoindurocher.com\/reservation\/wp-json\/wp\/v2\/pages\/19\/revisions"}],"predecessor-version":[{"id":5881,"href":"https:\/\/lecoindurocher.com\/reservation\/wp-json\/wp\/v2\/pages\/19\/revisions\/5881"}],"wp:attachment":[{"href":"https:\/\/lecoindurocher.com\/reservation\/wp-json\/wp\/v2\/media?parent=19"}],"curies":[{"name":"wp","href":"https:\/\/api.w.org\/{rel}","templated":true}]}}